- 2*k**4/3 + k**3/2 + 15*k**2/2 + 766*k. Calculate d(7).
-13
Let k(w) = 11*w**2 + 8*w + 2. Let v be k(-1). Let n(y) = 38*y - 200. What is n(v)?
-10
Let p(m) = -20*m + 8 + 3*m - 49*m**2 - 12 - 12 + 48*m**2. Suppose 4*h + 0*t + 59 = t, 0 = -3*h - t - 53. Calculate p(h).
0
Let u(q) = -20 + 2*q**2 + 20 - 12 + q**2 + 10*q. Let s be u(-4). Let p(z) = -z - 3*z - z**2 - 3 + 4 - 5. Calculate p(s).
-4
Let x be 114/22 - (-2)/(-11). Let m(h) = h + 1. Suppose 4*a - 2*a = v + 4, -5*a + 5*v = -15. Let u(j) = 6*j + 5. Let i(r) = a*u(r) - 5*m(r). What is i(x)?
5
Let r(z) = z**3 - 3*z**2 + 1. Suppose -13*m + 218 - 192 = 0. Let i = -8 - -12. Suppose -i*d = -a + m*a - 18, -5*a + 18 = 2*d. What is r(a)?
-3
Let i(p) = p**3 + 14*p**2 + 14*p + 29. Let a be i(-13). Suppose 260*z - a = 259*z. Let f(w) = w - 14. Calculate f(z).
2
Let o = -3688 + 3677. Let f(z) = 3*z**2 + 32*z - 3. Give f(o).
8
Suppose -93*l = -3*l - 540. Let g(i) = -14*i + 84. Calculate g(l).
0
Let d(w) = 5*w + 150*w**3 - 26 - 149*w**3 + 0*w - 8*w - 5*w**2 + 0*w**2. What is d(6)?
-8
Let s = 1488 + -1465. Let u(w) = -w**3 + 20*w**2 + 67*w + 42. Give u(s).
-4
Suppose -5*v = -3*v + 10. Let m(c) = -3*c**2 - 2 - 3*c**2 - 5*c + 7*c**2 + 10*c. What is m(v)?
-2
Suppose -69*m - 116*m - 483 + 2333 = 0. Let w(v) = -7 + 3*v**2 + 3*v**2 - 3*v**2 - 2*v**2 - 9*v. Give w(m).
3
Suppose -4*b = 311 - 331. Suppose -2*c - 2*p + 20 = 2*p, 2*c - 4*p - 4 = 0. Let j(v) = -8*v**2 + 2*v**2 + 1 + 4*v + c + 5*v**2. Determine j(b).
2
Let b = -25 + 39. Let d(z) = z**2 - 17*z + 44. Determine d(b).
2
Let t(f) = f**3 - 8*f**2 + 13*f - 23. Let l = 311 - 304. Let z be t(l). Let q(i) = i**2 - 20*i + 13. Calculate q(z).
-6
Suppose 3*w + 4*w + 42 = 0. Let z(b) be the second derivative of -b**4/12 - 4*b**3/3 - 15*b**2/2 + 28*b + 1. Give z(w).
-3
Let d(l) be the third derivative of -1/120*l**6 + 1/3*l**4 + 0*l + 9*l**2 + 0 - 7/60*l**5 - 3/2*l**3. Let c be (0 + -2)*(4 + 0). What is d(c)?
-9
Let b be -6*6/(-63) + 744/217. Let a(n) = 2*n**2 - 6*n + 15. Let z(s) = s**2 - 3*s + 8. Let j(k) = 6*a(k) - 11*z(k). Determine j(b).
6
Let c(f) be the third derivative of -f**2 + 2 + 0*f + 1/12*f**5 - 1/120*f**6 - 1/2*f**3 + 0*f**4. Give c(5).
-3
Let a(m) be the second derivative of -4*m + 10 + 1/3*m**3 + 21*m**2. Determine a(-20).
2
Let c(g) = 4*g**2 - 3*g - 15. Let b(y) = 3*y**2 - 2*y - 10. Let s(q) = 7*b(q) - 5*c(q). Let n be (-60)/18*(-27)/(-15). Determine s(n).
35
Let q(j) = 4*j**2 + 2*j + 2. Let f(k) = 56*k - 1235. Let v be f(22). Give q(v).
32
Suppose -3*z = l - 1 + 2, -6 = -4*l - 2*z. Let v(j) = -8*j**2 + 3*j + 6 + 3*j**l - j**3 + 17 - 29. Determine v(-6).
12
Suppose -4*x = 3*z, -x = x - z - 10. Let n(t) = -4*t - 2*t + 3*t + x - t - t**2. Let y be 206/(-2575) - ((-1107)/75)/(-3). What is n(y)?
-2
Let q(l) = l**3 - 3*l**2 - 6*l - 5. Let y be q(5). Suppose v + 38 = 5*u - 2*v, 0 = -2*u + v + y. Let s(k) = 2*k - 8 + 0 - 2*k**2 + u. What is s(3)?
-13
Suppose 0 = -c + 10 - 11. Let v(i) = -45*i - 4. Let o(p) = 15*p + 1. Let n(x) = -7*o(x) - 2*v(x). What is n(c)?
16
Let h(c) = -10*c**3 + c**2 + c + 3. Let d(a) = -21*a**3 + 3*a**2 + 3*a + 7. Let v be (-1 - 4) + 2 + 5. Let x(k) = v*d(k) - 5*h(k). Calculate x(1).
9
Let c(x) = -x + 9. Let j(g) = 7*g**2 + 1. Let b be j(1). Suppose 0 = 33*i - 36*i + 6. Suppose -i*f + 6 = -b. What is c(f)?
2
Let w(r) = r**3 - 9*r**2 - 23*r + 8. Suppose -3*h = -5*q - 78, 5*q + 23 = 34*h - 36*h. What is w(h)?
-3
Let x(i) = 4*i + 4. Let z(q) = q**2 + 75*q + 140. Let s be z(-73). What is x(s)?
-20
Let y = 3532 + -2421. Let f(z) = 1111 - y - z. Calculate f(-4).
4
Suppose -3*s = -3*r, -2*s - 27 = -5*r - 6*s. Suppose 3*u = -r*u - 18. Let y(n) be the second derivative of 5*n**3/6 + 3*n**2/2 + 2*n. Give y(u).
-12
Let m(w) = -13*w + 268. Let b be m(20). Let g(s) be the second derivative of s**4/12 - s**3 - s**2 - 2*s. Give g(b).
14
Let r(l) be the first derivative of 2*l**3/3 + 2*l - 85. Determine r(-2).
10
Let l(n) = 33*n - 51. Let k be l(3). Let w(t) = 18*t + 3 - k*t + 18*t. What is w(2)?
-21
Let v(j) = -35 - 3*j**2 + j + 2518*j**3 - 2517*j**3 - 28*j**2. Calculate v(31).
-4
Let t(j) = -j**3 - 9*j**2 - 8*j + 2. Let g = -351 - -353. Suppose -2*p + g*d - 24 = 0, -4*p - 4*d = -0*p + 16. Calculate t(p).
2
Suppose -8*k = 352 - 96. Let u(z) = z**2 + 34*z + 38. Calculate u(k).
-26
Suppose 4*h = -2*o + 16 + 142, -157 = -4*h - 3*o. Suppose 0 = -3*c - 5*n + 28, -2*n = 5*c + 3*n - h. Let g(t) = -4*t - 7. Give g(c).
-31
Let t(k) = k**2 - 14*k + 39. Let q be t(11). Let w(h) = -3*h**2 + 12*h + 20. Let l(z) = -z**2 + 4*z + 7. Let j(b) = -7*l(b) + 2*w(b). What is j(q)?
3
Let r(b) = -2*b**3 + 2*b**2 + 2*b. Let d = 104 + 187. Let g = -289 + d. What is r(g)?
-4
Let b(v) = 2*v**3 - 8*v**2 - 6*v. Let j be ((-45)/(-2))/5 - (-1)/2. Give b(j).
20
Let m = 12339 - 12342. Let o(q) = 27*q + 93. Give o(m).
12
Let d(h) = -13*h**3 - 3*h**2 - 53*h - 22. Let j(y) = y**3 - y**2 + 6*y. Let i(k) = d(k) + 14*j(k). Give i(15).
-7
Let x(b) be the third derivative of b**4/8 + 53*b**3/6 - 2204*b**2. Give x(-21).
-10
Let q(x) = 11*x**2 - 6*x + 6. Let y(k) = 9*k**2 - 6*k + 7. Let l(i) = 5*q(i) - 6*y(i). Calculate l(-7).
-5
Let s(z) = 83*z + 15. Let y(p) = -13*p - 2. Let q(d) = s(d) + 6*y(d). Calculate q(-7).
-32
Suppose v - 2*g - 195 = 0, 195 + 540 = 4*v + g. Let u(p) = -v*p**2 - p**3 + 1 + 96*p**2 + 88*p**2. Give u(1).
-1
Let h(k) = -k**3 - k**2 + 97 - 97 - k. Let d be (-43)/(-14) - 3 - (-15652)/(-5096). Calculate h(d).
21
Let i(d) = 162*d + 59*d + 159*d - 379*d + 21. What is i(-27)?
-6
Let s(m) = 321474*m - 298 + 321570*m - 643120*m. Give s(-4).
6
Let o(k) = -k**2 - 12*k + 13. Let z(r) = -3*r**2 - 23*r + 27. Let m(c) = 5*o(c) - 2*z(c). Let d = -4407 - -4421. What is m(d)?
11
Let w(g) = g**2 + 13*g - 39. Suppose 8*p - 14*p - 22*p - 504 = 0. Give w(p).
51
Let d(r) = -r**2 + 2*r - 2. Let a be (666/189 + 4/(-6))*7. Suppose -b = -3*b - 3*n + a, n - 24 = -5*b. Suppose 9*s = 8*s + b. Determine d(s).
-10
Let v(y) = 19*y + 54. Let s(i) = 21*i + 59. Let j(z) = 9*s(z) - 10*v(z). Let o(h) = 3 + 4*h**3 + 3*h - 5*h**3 - 5*h**2 + 0*h. Let u be o(-5). Determine j(u).
3
Let v(o) = 2*o**2 - 4*o**2 - o**3 + 2*o**2 - 3*o**2 - 2*o - 3. Suppose 3*y - 4*y + 6 = 0. Suppose -y = 3*t, -4*t - 21 = 2*q - 7. What is v(q)?
3
Let q(n) = -9 - 3 - 27*n + 16. Let m(j) = -10*j + 2. Let x(h) = -8*m(h) + 3*q(h). What is x(-4)?
0
Let z = -29 - -41. Let g(x) = -15 - 179*x**2 + 178*x**2 - 3 - z*x - 12. What is g(-9)?
-3
Let i(m) = 26*m**3 + 2*m**2 - 4*m + 87. Let v(r) = -35*r**3 - 3*r**2 + 5*r - 89. Let t(l) = -4*i(l) - 3*v(l). Determine t(0).
-81
Let z(o) = 6033*o + 18095. Let g be z(-3). Let n(a) = -a**3 + 2*a**2 - 5*a + 2. Let t(y) = 3*y**3 - 3*y**2 + 10*y - 5. Let f(q) = 5*n(q) + 2*t(q). What is f(g)?
20
Suppose 5*h - 62 + 22 = 0. Let w(f) = f + 2 + h*f**2 + 0*f - 7*f**2. What is w(2)?
8
Let i = -19744 - -19741. Let h(g) = 4*g - 1 - 2*g + g + g**2. What is h(i)?
-1
Let f(o) = 26 + 2 + 3*o**2 - 205 - 65*o. Give f(24).
-9
Let d(c) = 98*c**3 - 10*c**2 + 5*c + 2. Let l(b) = -49*b**3 + 6*b**2 - 3*b - 1. Let w(h) = 3*d(h) + 5*l(h). What is w(1)?
50
Let n(u) = u - 1. Let p be n(6). Let l(t) = 109*t + 3. Let g(m) = -146*m - 2. Let o(h) = -3*g(h) - 4*l(h). Give o(p).
4
Let j(v) be the second derivative of v**5/20 + v**4/12 + v**3/6 + 6*v**2 + 2*v. Suppose -748*a + 4 - 4 = -600*a. What is j(a)?
12
Let i(w) = -95*w**2 + 111*w**2 + 31 + w**3 - 22*w**2 - 6*w - 14*w. Determine i(8).
-1
Let b be 36/(-6)*(-12)/9. Let l(d) be the second derivative of -d**4/12 + 4*d**3/3 + 3*d**2 + 102*d - 3. Calculate l(b).
6
Let j(v) = 16*v + 0*v**2 - 12839 - v**2 + 12829. Give j(16).
-10
Let h = 1776 - 1212. Let l(r) = 1134*r**2 + r - 569*r**2 - h*r**2 - 1. Determine l(-6).
29
Let p = 1509 + -1507. Let n be -3*((-4)/2 + 1). Let i(s) = n*s - 8 + 2*s**p + 17 - 12. What is i(2)?
11
Let a(r) be the second derivative of r**3/3 - 12*r**2 + 150*r - 1. Determine a(8).
-8
Let r(z) = -8*z - 5. Let y(n) = 7*n + 4. Let o(p) = -5*r(p) - 6*y(p). Let k be -86 + (-3 - (-5 - 0)). Let x = -90 - k. Give o(x).
13
Let i(n) be the first derivative of -5*n**2/2 - 22*n - 1772. Determine i(-4).
-2
Suppose -628 = -9*l + 299. Let o(g) = -2*g**2 - l*g - 115*g - 2 + 223*g - 3. What is o(4)?
-17
Suppose 0 = -2*c - 3*b - 21, c = -4*b - 141 + 133. Let r(n) = -5*n - 19. Dete